 1).
9
Evaluate 6 + -9 + 11 - (16 - 3).
-5
What is the value of -24 + (-11 - -8 - (-1 + -2)) + 8?
-16
Calculate 0 + -31 + 30 - 20.
-21
What is (1 - (-2 - 15)) + -24?
-6
Calculate -11 - (-8 + -12 - -9 - -1).
-1
-3 - (12 + -1) - -27
13
What is -12 + (-8 - -4) + -33 + 37?
-12
Evaluate -3 - -13 - (19 - (-9 + 2)).
-16
What is the value of -14 - (4 + -13 + 4 + 8)?
-17
What is 46 - (12 + 34) - (24 + 0)?
-24
Evaluate -12 + 54 + (-44 - -18).
16
-9 + (-5 + 4 - 9) + (6 - 2)
-15
What is the value of -12 + (-10 - -31) - 5?
4
What is the value of (-5 - -13) + -1 - 7 - (1 + -2)?
1
Calculate (-5 - (-5 + -2)) + (9 - 9).
2
Calculate 63 + (-6 + -2 - 23).
32
What is the value of -16 - (21 - 18 - 25)?
6
What is the value of 7 + (2 - (4 + 1 - (49 + -47)))?
6
What is the value of 2 + (4 - -2 - 10)?
-2
What is the value of (-2 - -15) + 0 + (14 - (-5 + 15))?
17
Calculate 14 + (-12 - -10) + -16.
-4
Calculate -10 - (15 - (4 + 2 - (-1 + 0))).
-18
Calculate -9 - -14 - -4 - (14 + 8).
-13
7 + (8 - -25) + -8 - (-3 - -5)
30
What is (-3 - (2 + 1)) + (-5 - (-8 + -4))?
1
What is the value of (0 - -2) + (31 - 23) - (-26 + 41)?
-5
What is (3 - 9 - -5) + 0 - (10 + -6)?
-5
Calculate (-3 - (-22 + 2)) + (361 - 395).
-17
What is (0 - 9 - -11 - -14) + -28?
-12
What is 3 - (-13 + 30 + -18 - (1 + 8))?
13
What is 22 + -18 + 0 + -24 - (-2 - 1)?
-17
What is 3 - (30 + (11 - 14))?
-24
2 + (1 - 5) + (21 - 19 - 15)
-15
What is -8 - -6 - (-2 + 6)?
-6
What is the value of -43 + 5 - (-3 + -1 + 0 + -6)?
-28
Calculate 784 - 780 - (-2 - (19 - -2)).
27
Calculate (164 - 147) + -1 + -4 + -3.
9
What is 1 + -13 + 11 - 12?
-13
Evaluate (529 - 547) + (-1 - -10).
-9
(2 - 0 - (18 - 2)) + (179 - 173)
-8
Evaluate 13 - 7 - (12 + -3 + -3 + 4).
-4
-47 + (43 - 5) - (-1 + -2 + 3)
-9
0 - 19 - (-54 + 22)
13
25 - (5 + (4 - -5))
11
What is (-5 - (4 + -9 + 10 + -8)) + 9?
7
What is the value of 283 + -286 + (-2 - (-8 - -3)) + -4?
-4
Calculate 30 + (-34 - (-32 - -47)).
-19
Calculate -24 + (9 + 27 - 11).
1
Evaluate -1 + (-1 - (7 + -7)) - (-1 - 19).
18
Evaluate (-3 - (8 + -5 - 11)) + (-25 - -5).
-15
Calculate (-2 + (0 - 0) - (2 - -4)) + 14.
6
What is 5 - (-6 + 31 + -8 + -8)?
-4
11 - -2 - (16 + -6 + 0)
3
Calculate -14 + (-14 - (-29 + 10)).
-9
Calculate -27 + (16 - (-16 + -4)).
9
Evaluate (-5 - ((6 + -8 - 6) + 27)) + 1.
-23
What is the value of -10 - 0 - -14 - (1 - (11 - 3))?
11
-20 - (-29 - (13 - 40))
-18
What is 1 + 8 + (-13 + 0 - 3)?
-7
Evaluate -2 - -2 - -3 - (30 - (53 + -26)).
0
Evaluate (2 - -2) + -12 + (63 - 66).
-11
Evaluate 6 + -1 - (-27 - -35) - -8 - 28.
-23
What is the value of 11 + -8 + (-1 - (-7 - -2))?
7
What is (11 - 44) + -106 + 106?
-33
What is the value of (-31 - -22) + -5 - -20?
6
What is -2 - 1 - (2 + (10 - (20 - -6)))?
11
Evaluate -17 + 0 + -2 + 7 + -6 + -2.
-20
Evaluate (9 - -30 - 7) + (-15 - -2) + 3.
22
What is (-20 - (17 + -13)) + 13 + -7 + 0?
-18
What is (10 + -3 - 39) + 24?
-8
What is (32 + -4 + -5 - 13) + 9?
19
What is the value of 3 - (-8 - -17 - 15)?
9
6 - ((-28 - -17) + 25)
-8
Evaluate -5 + 4 + 2 - (0 - 5).
6
1 + -1 + (-4 + 8 - (2 - 3))
5
What is the value of 9 - (7 - (5 + -3 + 4))?
8
Evaluate 86 + -71 - (1 + -6).
20
What is the value of 5 + (-21 - -10 - (-4 + -2)) - -10?
10
Calculate -1 + (57 - (-42 + 63)).
35
100 + -103 + -1 + -6 + -1
-11
What is (3 - 3 - -2) + (12 + -9 - 3)?
2
What is the value of (-16 - (33 - 70) - (1 + -1)) + -5?
16
Calculate -6 + 18 + -19 - -18 - 3.
8
What is the value of -6 - -13 - (-5 - (0 - 22))?
-10
(-31 - 14 - -22) + 40
17
-20 - ((-19 - -10) + 7 + -11)
-7
What is 14 + -30 + 23 + (1 - 8)?
0
What is the value of -16 + (19 - 12) + (-6 - (-3 - 11))?
-1
Evaluate 20 - 21 - (1 + -11).
9
(-16 - -4) + 12 + -2 + -7
-9
What is the value of 5 + (1 - 1 - 4) - -7?
8
Calculate (2 - 3 - -1) + 4 + (-20 - -10).
-6
-2 + (-6 - 1 - (-11 - (1 - 5)))
-2
Calculate 19 - (15 - -26) - -10.
-12
42 + -13 + (-72 - -37)
-6
(-2 - -5 - (0 + 4)) + 4
3
Evaluate 22 - (-34 - (14 - 49)).
21
-39 + -29 + 65 + -4 + -24
-31
What is (-1 - -8 - (12 + -11)) + -218 + 216?
4
What is the value of (2 - 27 - -5) + (-8 - -10 - 4)?
-22
Calculate (3 - 4) + (41 - 46) - -7.
1
What is (1 - 11) + 50 + -40 - -10?
10
Calculate 18 - (4 - (0 + 7 - (-1 + 7))).
15
Evaluate 1 + -14 + 19 + -6.
0
Calculate (61 - -7) + -11 + (-1 - 18).
38
What is -37 + 57 + -27 + (-8 - 0)?
-15
-8 - (0 - (-9 + 10 + (-2 - -4)))
-5
18 + (25 - (-2 + 10) - 12)
23
Calculate -631 - -596 - (0 + -10).
-25
What is the value of (506 - 501) + (-14 - -2)?
-7
(60 - 48) + 5 + -4 + 0 + -4
9
What is the value of (-2 - -23) + 3 + 4 + -3?
25
9 + (-27 - 2 - (10 + -27))
-3
(8 - (-3 + -5)) + 2
18
-3 + 9 + (-463 - -422)
-35
Evaluate -18 + (0 - (-13 - -10)).
-15
What is 4 + (-2 - (4 - -9) - 5)?
-16
Evaluate -12 + (-3 - (4 - 9)).
-10
-1 + -2 + 6 + 1 + (-130 - -133)
7
-8 - (-27 + 13 + -1)
7
What is the value of 38 + -32 + (-11 - (3 + 1)) + 7?
-2
3 + 0 + 3 + -14 + 19 + -8
3
What is -6 + (-6 - -2) + 9 + 6 + -6?
-1
Calculate 13 + (-21 - (-10 - 1)) + -8 + -23.
-28
Calculate 3 - ((15 - 18) + (9 - 1)).
-2
(-5 - (-1 - 5)) + -21 + 5 + 7
-8
Evaluate (-9 - (20 - 28)) + 14 - 21.
-8
What is (-1 - (-7 + (-1 - -23))) + 5 - -4?
-7
What is the value of -9 - (32 + -42) - ((-11 - 0) + 0)?
12
Evaluate -2 + 19 + -2 + -7 + 2.
10
What is the value of 14 + -8 - -15 - 7?
14
Evaluate -17 - (-6 + -5 + -26).
20
Calculate -29 + (10 - (-16 + 9) - 9).
-21
What is 3 - 5 - (-38 - (-21 - 8))?
7
Evaluate -41 - (7 - (7 + 14)).
-27
Evaluate -5 + (-7 + 0 - -12).
0
Calculate -21 + -25 + 31 - 8.
-23
34 + -5 + -15 + -6 + -1 - 5
2
What is the value of (-7 - (-1 + -1)) + 12 + -12 + -2?
-7
Evaluate (23 - -2) + (-17 - ((10 - 12) + -12)).
22
(12 - 2 - 23) + 16
3
Evaluate 8 + -37 - -34 - -20.
25
Calculate (0 - -3) + 11 + 1 + -6.
9
What is the value of 5 + 2 - (14 + -8 - -6)?
-5
Calculate -33 + -16 + 37 + -4.
-16
Calculate (-8 + 1 - (31 + -39)) + (-17 - -3).
-13
What is -12 + 11 - (10 - (-3 - -6))?
-8
-27 + 0 + -7 + 8
-26
-11 - (18 + -27 - (1 + 12))
11
What is the value of 3 + -35 + 276 + -270?
-26
Evaluate (38 - 44) + (-1 + 3 - -19).
15
-5 - (-13 - 7) - 24 - -2
-7
What is 7 + (-3 - 38) - -18?
-16
-3 + 1 + 7 + -15 + 3
-7
Calculate (8 - (-6 + 15) - -7) + 3.
9
Calculate 4 + -13 + -4 + 4 + -2.
-11
What is (89 - 91) + (-18 - (3 + -5))?
-18
What is 3 + -5 + (3 + 2 - 16)?
-13
What is the value of (-1 - 1) + (30 - (-1 - -5))?
24
What is (15 - 17) + (12 - 1) - (-1 + 28)?
-18
What is -12 + 3 - (-21 - (3 - (4 - 4)))?
15
What is (158 - 164) + (2 - 1) + -2 + -1?
-8
What is 1 + (4 - -6 - 0 - 16) + 22?
17
Calculate -6 - (3 + -11 - 14).
16
-1 + (-1 - -1) - (0 + (-9 - -5))
3
0 + 3 + -1 + (-2 - (-8 + 7))
1
What is the value of -16 - -11 - (-1 + 1 + -19)?
14
(-1 + 11 - -1 - (-6 + 4)) + -8
5
What is the value of -8 + 8 + (-5 - -7) + -4 - -1?
-1
What is (-11 + 20 + 3 - 19) + 17 + -1?
9
4 - (2 + (-17 - -11))
8
(-25 - 1) + -31 + 38 + (3 - -3)
-13
Calculate 3 - -5 - (358 + -348 + 6 + -1).
-7
Calculate -2 - (-1 + -6) - ((-16 - -11) + 8).
2
Evaluate (140 - 154) + (0 - (0 + -2)).
-12
Evaluate 0 - 2 - (0 + -28 + (10 - -3)).
13
What is -1 + (-4 - -3 - (10 - 1))?
-11
Evaluate (-22 - -14) + 19 - (-1 - -2).
10
What is the value of 18 + -1 + 6 + 10 + -8 + -10?
15
Evaluate 0 + 22 + 1470 + -1507.
-15
What is the value of 19 - ((-16 - -44) + -20)?
11
What is -2 + 6 + -5 + -20 + 32?
11
Evaluate -24 - (0 + (12 - 35)).
-1
(-8 - (4 + -10) - 3 - 3) + -2
-10
-14 + 5 + 9 + -3 + 1
-2
Evaluate 0 + -1 + 596 + -626.
-31
What is 14 + -43 + 27 - (2 + (2 - 1))?
-5
Evaluate 4 - ((38 - 40) + (18 - -3)).
-15
What is 29 + 1 + -39 - 5?
-14
What is -1 + 6 + (14 - 9)?
10
What is (-152 - -155) + (-12 - -8 - (0 - 0))?
-1
-21 + 7 + 20 - (-1 - -24 - -1)
-18
-13 + (7 - 6) - (-1 - -1)
-12
What is the value of 5 + 6 + 0 + -21 - -8?
-2
Calculate -16 - (7 - (-14 - -22)).
-15
0 + (-4 + 0 - 1) + (-22 - -12)
-15
Calculate -8 + 0 - (154 + -151).
-11
Evaluate -5 - (7 + (8 - 24)).
4
Calculate -10 - (10 + (-6 - 5) + 7).
-16
Evaluate -31 + (22 - (14 - 9)).
-14
What is -9 + (-15 - -9) + 19?
4
Evaluate -30 + -15 + 47 + -21.
-19
Calculate (-4 - -14) + -11 + -23 + 12.
-12
Calculate -940 + 933 + -2 + 3 + -2.
-8
8 - (0 + -1 + -2 + (117 - 115))
9
(7 - (5 + -7 + 12)) + 2
-1
What is the value of 0 - 8 - -37 - 3 - (5 + 4)?
17
What is -5 + 4 - 14 - (-5 + -2 - 2)?
-6
Evaluate -2 - (-2 + 1) - (-2 - 1 - -